8
Calculate the greatest common factor of 1300 and 283660.
260
What is the greatest common factor of 62 and 173073?
31
Calculate the greatest common factor of 12 and 14192.
4
What is the greatest common divisor of 5 and 4220?
5
What is the highest common divisor of 323904 and 2772?
84
What is the highest common divisor of 37 and 1083434?
37
Calculate the highest common divisor of 111359 and 247.
19
Calculate the greatest common divisor of 1632 and 18672.
48
Calculate the highest common factor of 40014 and 1898.
26
What is the greatest common divisor of 30 and 137145?
15
Calculate the greatest common divisor of 4800 and 3234.
6
Calculate the greatest common divisor of 630 and 75740.
70
Calculate the greatest common divisor of 38080 and 12992.
448
Calculate the highest common factor of 11 and 3948725.
11
Calculate the greatest common divisor of 36423 and 342.
171
Calculate the greatest common divisor of 3618 and 16683.
201
Calculate the greatest common factor of 276 and 2967.
69
Calculate the greatest common factor of 1248 and 1609452.
156
Calculate the greatest common factor of 252 and 3426759.
63
Calculate the greatest common divisor of 436068 and 108.
36
What is the greatest common divisor of 261 and 5404005?
261
What is the highest common divisor of 2639154 and 56?
14
Calculate the highest common factor of 34424 and 416.
104
Calculate the greatest common divisor of 2721 and 2336432.
907
What is the highest common divisor of 13334 and 18306?
226
Calculate the greatest common factor of 13952 and 258984.
872
What is the highest common divisor of 350259 and 273?
273
Calculate the greatest common divisor of 303072 and 287.
287
What is the highest common factor of 272 and 230962?
34
What is the highest common factor of 967415 and 2026?
1013
Calculate the highest common divisor of 54 and 28800.
18
Calculate the highest common divisor of 6345 and 85070.
235
Calculate the greatest common divisor of 263065 and 165.
55
What is the highest common divisor of 702 and 78?
78
Calculate the highest common factor of 9065 and 8085.
245
Calculate the greatest common divisor of 4431 and 651.
21
Calculate the greatest common divisor of 260 and 353795.
65
What is the greatest common factor of 192 and 1476032?
64
Calculate the highest common factor of 12 and 4069398.
6
Calculate the greatest common factor of 695707 and 2177.
311
Calculate the greatest common divisor of 21730 and 212.
106
What is the highest common divisor of 1036370 and 5180?
370
Calculate the highest common factor of 43111 and 3192.
19
Calculate the highest common divisor of 46 and 1777394.
46
Calculate the greatest common factor of 175 and 141475.
25
What is the highest common factor of 1600 and 1340?
20
What is the greatest common divisor of 218456 and 498?
166
Calculate the highest common factor of 22341 and 561.
33
What is the highest common factor of 738495 and 45?
45
Calculate the greatest common divisor of 381450 and 200.
50
Calculate the greatest common divisor of 195 and 1115.
5
Calculate the highest common divisor of 18349 and 59401.
311
Calculate the highest common divisor of 639111 and 1086.
543
What is the highest common divisor of 98735 and 871?
13
What is the greatest common factor of 4116678 and 276?
138
What is the greatest common divisor of 357 and 19907?
17
What is the highest common divisor of 6960 and 362790?
870
What is the greatest common divisor of 25843 and 43?
43
What is the greatest common divisor of 595 and 68765?
85
What is the highest common divisor of 198 and 30074?
22
What is the greatest common divisor of 4738 and 185503?
103
What is the highest common divisor of 750931 and 2983?
157
What is the highest common divisor of 183749 and 509?
509
Calculate the greatest common factor of 4186 and 3003.
91
What is the greatest common factor of 195 and 677391?
39
Calculate the highest common factor of 8420 and 244.
4
What is the greatest common factor of 244686 and 26?
26
Calculate the greatest common factor of 8064 and 256.
128
Calculate the greatest common factor of 14250 and 912.
114
Calculate the highest common divisor of 36992 and 64.
64
Calculate the greatest common divisor of 128 and 3338.
2
Calculate the highest common divisor of 19 and 326591.
19
Calculate the greatest common factor of 84 and 4294941.
21
Calculate the highest common divisor of 184 and 47012.
92
Calculate the greatest common divisor of 21846 and 6402.
66
Calculate the greatest common divisor of 67176 and 888.
24
What is the greatest common divisor of 2714790 and 2730?
390
What is the highest common divisor of 11745 and 52635?
435
What is the highest common divisor of 17728 and 128?
64
What is the greatest common divisor of 3096 and 216?
72
Calculate the highest common factor of 1804 and 2211.
11
What is the highest common factor of 15810 and 217?
31
Calculate the greatest common factor of 280 and 239176.
56
What is the highest common divisor of 90 and 101646?
18
Calculate the greatest common divisor of 2 and 552252.
2
Calculate the highest common divisor of 3115 and 16020.
445
Calculate the greatest common divisor of 3725 and 149.
149
What is the highest common divisor of 1927 and 11275?
41
What is the highest common factor of 498 and 49638?
6
What is the greatest common factor of 704 and 167860?
44
Calculate the highest common factor of 108 and 11106.
18
Calculate the highest common factor of 21 and 553.
7
Calculate the greatest common divisor of 173571 and 987.
141
Calculate the highest common divisor of 206140 and 132.
44
What is the highest common factor of 2535 and 244725?
195
Calculate the highest common factor of 1375 and 1390.
5
Calculate the greatest common divisor of 23986508 and 959.
959
What is the highest common divisor of 325 and 34073?
13
Calculate the highest common divisor of 7075 and 100.
25
Calculate the greatest common divisor of 448434 and 252.
126
Calculate the highest common factor of 3933 and 963.
9
What is the highest common factor of 14787 and 408312?
477
What is the greatest common factor of 1364 and 15717?
31
What is the highest common factor of 744 and 3456?
24
What is the highest common divisor of 1274 and 118?
2
Calculate the highest common factor of 997640 and 294.
98
Calculate the highest common factor of 786180 and 60.
60
What is the greatest common divisor of 36 and 67356?
36
What is the highest common factor of 4181 and 38646?
113
What is the highest common divisor of 172 and 2340?
4
What is the greatest common factor of 288 and 549576?
72
Calculate the highest common factor of 243 and 6372.
27
What is the greatest common factor of 4920 and 145632?
984
Calculate the greatest common divisor of 591718 and 7258.
382
What is the greatest common divisor of 16 and 286776?
8
What is the highest common divisor of 34493 and 51?
17
What is the greatest common divisor of 138 and 16399?
23
Calculate the greatest common factor of 20 and 788770.
10
What is the greatest common divisor of 79414 and 118?
118
What is the highest common factor of 25 and 13025?
25
What is the highest common divisor of 59008 and 128?
128
Calculate the greatest common divisor of 159 and 12145851.
159
What is the highest common factor of 429 and 759?
33
What is the highest common factor of 162720 and 10?
10
Calculate the greatest common factor of 1116495 and 5.
5
What is the greatest common divisor of 1984 and 357056?
64
Calculate the greatest common factor of 6 and 3561.
3
What is the highest common divisor of 41 and 428?
1
What is the highest common divisor of 2411844 and 12?
12
Calculate the greatest common divisor of 43281 and 42336.
189
Calculate the highest common divisor of 348 and 3036.
12
What is the highest common factor of 432 and 78632?
8
What is the greatest common factor of 6858 and 2794?
254
What is the highest common factor of 1980 and 125664?
132
What is the highest common factor of 2 and 8098?
2
Calculate the highest common factor of 17 and 452982.
17
What is the highest common divisor of 147 and 148715?
49
Calculate the highest common factor of 13 and 182039.
13
Calculate the highest common divisor of 21 and 718851.
21
Calculate the greatest common factor of 518 and 3584.
14
What is the highest common factor of 4294 and 73226?
38
What is the greatest common factor of 294 and 17778